{"id":35,"date":"2026-02-27T09:53:08","date_gmt":"2026-02-27T09:53:08","guid":{"rendered":"https:\/\/www.psychose-lh.de\/?page_id=35"},"modified":"2026-02-27T09:53:09","modified_gmt":"2026-02-27T09:53:09","slug":"videos","status":"publish","type":"page","link":"https:\/\/psychose-lh.de\/?page_id=35","title":{"rendered":"Videos"},"content":{"rendered":"\n<p>Hier sind Links zu Mediatheken und Youtube-Videos zu finden, die die Krankheit Psychose oder wie man sie auch noch nennt, der Schizophrenie, erkl\u00e4ren. Es sind unterschiedliche Richtungen, von &#8222;alltagstauglich&#8220; bis &#8222;Medizinstudium&#8220;. Wichtig an dieser Stelle, man sollte die Videos und auch die anderen Brosch\u00fcren nicht in einem akuten Schub anschauen oder lesen, sondern nur, wenn man stabil ist und gut aufgestellt.<\/p>\n\n\n\n<p>Was machen, wenn es mir jetzt schlecht geht? Am besten auf die Seite Notfallkoffer gehen \ud83d\ude42<\/p>\n\n\n\n<p>Es gibt eine seht umfangreiche und gut erkl\u00e4rte Videoreihe vom UKE Hamburg Eppendorf von Jansen with me, wo es auch gute Erkl\u00e4rungen zu Psychosen gibt und Brosch\u00fcren. Es sind 7 Wissensmodule, die alle zu empfhelen sind und aufeinander aufbauen. Teil 1 <a href=\"https:\/\/www.janssenwithme.de\/de-de\/psychose\/\" target=\"_blank\" rel=\"noreferrer noopener\">Psychose: Symptome, Ursachen &amp; Therapie | JanssenWithMe<\/a><\/p>\n\n\n\n<p>Es gibt noch eine 45-min\u00fctige Doku vom NDR \u00fcber Psychose im Alltag <a href=\"https:\/\/www.youtube.com\/watch?v=HN5Z7cAL8l4\" target=\"_blank\" rel=\"noreferrer noopener\">Schizophrenie: Mit Psychosen im Alltag leben | Doku | NDR | 45 Min &#8211; YouTube<\/a><\/p>\n\n\n\n<p>Psychose in 5 Minuten &#8211; Dr. Dr. del Monte &#8211; YouTube &#8211; 6:16 Minuten<br><a href=\"https:\/\/www.youtube.com\/watch?v=h9fBH4Ipz8E\" target=\"_blank\" rel=\"noreferrer noopener\">Psychose in 5 Minuten\u2502Dr. Dr. Damir del Monte\u2502Pr\u00fcfungswissen Medizin Kompakt &#8211; YouTube<\/a><\/p>\n\n\n\n<p>Schizophrenie in 5 Minuten &#8211; Dr. Dr. del Monte &#8211; YouTube &#8211; 6:16 Minuten<br><a href=\"https:\/\/www.youtube.com\/watch?v=urx-zGYalgs\" target=\"_blank\" rel=\"noreferrer noopener\">Schizophrenie in 5 Minuten\u2502Dr. Dr. Damir del Monte\u2502Pr\u00fcfungswissen Medizin Kompakt &#8211; YouTube<\/a><\/p>\n\n\n\n<p>Neuroleptika in 5 Minuten &#8211; Dr. Dr. del Monte &#8211; YouTube &#8211; 7:33 Minuten<br><a href=\"https:\/\/www.youtube.com\/watch?v=EvdQ3rpkxPs\" target=\"_blank\" rel=\"noreferrer noopener\">Neuroleptika in 5 Minuten\u2502Dr. Dr. Damir del Monte\u2502Pr\u00fcfungswissen Medizin Kompakt &#8211; YouTube<\/a><\/p>\n\n\n\n<p>Schizophrenie &#8211; Symtome der Schizophrenie &#8211; YouTube &#8211; 8:30 Minuten<br><a href=\"https:\/\/www.youtube.com\/watch?v=fWkHbkx5rdw\" target=\"_blank\" rel=\"noreferrer noopener\">Schizophrenie &#8211; Symptome der Schizophrenie | \u00dcbersicht &#8211; YouTube<\/a><\/p>\n\n\n\n<p>Schizophrenie &#8211; was ist das genau? Ein Arzt erkl\u00e4rt &#8211; Bing Video &#8211; 3:31 Minuten<br><a href=\"https:\/\/www.bing.com\/videos\/search?q=erkl%c3%a4rvideos+zu+schizophrenie&amp;docid=608022109462678939&amp;mid=067F1FE5A0F153683F55067F1FE5A0F153683F55&amp;view=detail&amp;FORM=VIRE\" target=\"_blank\" rel=\"noreferrer noopener\">Schizophrenie &#8211; was ist das genau? | Dr. Johannes Wimmer &#8211; Bing video<\/a><\/p>\n\n\n\n<p>Das Vulnerabilit\u00e4ts-Stress-Modell &#8211; ZDF Mediathek &#8211; 13:35 Minuten<br><a rel=\"noreferrer noopener\" href=\"https:\/\/www.zdf.de\/funk\/psychologeek-12132\/funk-schizophrenie---das-sollten-wir-darueber-wissen-102.html\" target=\"_blank\">Schizophrenie &#8211; DAS sollten wir dar\u00fcber wissen &#8211; ZDFmediathek<\/a><\/p>\n\n\n\n<p>Was ist Schizophrenie? &#8211; Symtome, Ursachen, Therapie &#8211; Bing Video &#8211; 12:26 Minuten<br><a href=\"https:\/\/www.bing.com\/videos\/search?q=erkl%c3%a4rvideos+zu+schizophrenie&amp;&amp;view=detail&amp;mid=7C261D2CC314F987E9817C261D2CC314F987E981&amp;rvsmid=067F1FE5A0F153683F55067F1FE5A0F153683F55&amp;FORM=VDQVAP\" target=\"_blank\" rel=\"noreferrer noopener\">Was ist Schizophrenie? &#8211; Symptome, Ursachen, Therapie &#8211; Bing video<\/a><\/p>\n\n\n\n<p>Dann noch der You-Tube Kanal von der MKT Abteilung des UKE (Universit\u00e4ts Klinikum Hamburg Eppendorf), das sich da sehr stark macht. <a href=\"https:\/\/www.youtube.com\/@AGNeuropsychologie\/videos\" target=\"_blank\" rel=\"noreferrer noopener\">AG Neuropsychologie UKE Hamburg-Eppendorf<\/a><\/p>\n","protected":false},"excerpt":{"rendered":"<p>Hier sind Links zu Mediatheken und Youtube-Videos zu finden, die die Krankheit Psychose oder wie man sie auch noch nennt, der Schizophrenie, erkl\u00e4ren. Es sind unterschiedliche Richtungen, von &#8222;alltagstauglich&#8220; bis &#8222;Medizinstudium&#8220;. Wichtig an dieser Stelle, man sollte die Videos und auch die anderen Brosch\u00fcren nicht in einem akuten Schub anschauen oder lesen, sondern nur, wenn&hellip; <a class=\"more-link\" href=\"https:\/\/psychose-lh.de\/?page_id=35\"><span class=\"screen-reader-text\">Videos<\/span> weiterlesen<\/a><\/p>\n","protected":false},"author":1,"featured_media":0,"parent":0,"menu_order":0,"comment_status":"closed","ping_status":"closed","template":"","meta":{"footnotes":""},"class_list":["post-35","page","type-page","status-publish","hentry","entry"],"yoast_head":"<!-- This site is optimized with the Yoast SEO plugin v27.5 - https:\/\/yoast.com\/product\/yoast-seo-wordpress\/ -->\r\n<title>Videos - Psychose L\u00fcdinghausen<\/title>\r\n<meta name=\"robots\" content=\"index, follow, max-snippet:-1, max-image-preview:large, max-video-preview:-1\" \/>\r\n<link rel=\"canonical\" href=\"https:\/\/psychose-lh.de\/?page_id=35\" \/>\r\n<meta property=\"og:locale\" content=\"de_DE\" \/>\r\n<meta property=\"og:type\" content=\"article\" \/>\r\n<meta property=\"og:title\" content=\"Videos - Psychose L\u00fcdinghausen\" \/>\r\n<meta property=\"og:description\" content=\"Hier sind Links zu Mediatheken und Youtube-Videos zu finden, die die Krankheit Psychose oder wie man sie auch noch nennt, der Schizophrenie, erkl\u00e4ren. Es sind unterschiedliche Richtungen, von &#8222;alltagstauglich&#8220; bis &#8222;Medizinstudium&#8220;. Wichtig an dieser Stelle, man sollte die Videos und auch die anderen Brosch\u00fcren nicht in einem akuten Schub anschauen oder lesen, sondern nur, wenn&hellip; Videos weiterlesen\" \/>\r\n<meta property=\"og:url\" content=\"https:\/\/psychose-lh.de\/?page_id=35\" \/>\r\n<meta property=\"og:site_name\" content=\"Psychose L\u00fcdinghausen\" \/>\r\n<meta property=\"article:modified_time\" content=\"2026-02-27T09:53:09+00:00\" \/>\r\n<meta name=\"twitter:card\" content=\"summary_large_image\" \/>\r\n<meta name=\"twitter:label1\" content=\"Gesch\u00e4tzte Lesezeit\" \/>\n\t<meta name=\"twitter:data1\" content=\"2\u00a0Minuten\" \/>\r\n<script type=\"application\/ld+json\" class=\"yoast-schema-graph\">{\"@context\":\"https:\\\/\\\/schema.org\",\"@graph\":[{\"@type\":\"WebPage\",\"@id\":\"https:\\\/\\\/psychose-lh.de\\\/?page_id=35\",\"url\":\"https:\\\/\\\/psychose-lh.de\\\/?page_id=35\",\"name\":\"Videos - Psychose L\u00fcdinghausen\",\"isPartOf\":{\"@id\":\"https:\\\/\\\/psychose-lh.de\\\/#website\"},\"datePublished\":\"2026-02-27T09:53:08+00:00\",\"dateModified\":\"2026-02-27T09:53:09+00:00\",\"breadcrumb\":{\"@id\":\"https:\\\/\\\/psychose-lh.de\\\/?page_id=35#breadcrumb\"},\"inLanguage\":\"de\",\"potentialAction\":[{\"@type\":\"ReadAction\",\"target\":[\"https:\\\/\\\/psychose-lh.de\\\/?page_id=35\"]}]},{\"@type\":\"BreadcrumbList\",\"@id\":\"https:\\\/\\\/psychose-lh.de\\\/?page_id=35#breadcrumb\",\"itemListElement\":[{\"@type\":\"ListItem\",\"position\":1,\"name\":\"Start\",\"item\":\"https:\\\/\\\/psychose-lh.de\\\/\"},{\"@type\":\"ListItem\",\"position\":2,\"name\":\"Videos\"}]},{\"@type\":\"WebSite\",\"@id\":\"https:\\\/\\\/psychose-lh.de\\\/#website\",\"url\":\"https:\\\/\\\/psychose-lh.de\\\/\",\"name\":\"Psychose L\u00fcdinghausen\",\"description\":\"\",\"potentialAction\":[{\"@type\":\"SearchAction\",\"target\":{\"@type\":\"EntryPoint\",\"urlTemplate\":\"https:\\\/\\\/psychose-lh.de\\\/?s={search_term_string}\"},\"query-input\":{\"@type\":\"PropertyValueSpecification\",\"valueRequired\":true,\"valueName\":\"search_term_string\"}}],\"inLanguage\":\"de\"}]}<\/script>\r\n<!-- \/ Yoast SEO plugin. -->","yoast_head_json":{"title":"Videos - Psychose L\u00fcdinghausen","robots":{"index":"index","follow":"follow","max-snippet":"max-snippet:-1","max-image-preview":"max-image-preview:large","max-video-preview":"max-video-preview:-1"},"canonical":"https:\/\/psychose-lh.de\/?page_id=35","og_locale":"de_DE","og_type":"article","og_title":"Videos - Psychose L\u00fcdinghausen","og_description":"Hier sind Links zu Mediatheken und Youtube-Videos zu finden, die die Krankheit Psychose oder wie man sie auch noch nennt, der Schizophrenie, erkl\u00e4ren. Es sind unterschiedliche Richtungen, von &#8222;alltagstauglich&#8220; bis &#8222;Medizinstudium&#8220;. Wichtig an dieser Stelle, man sollte die Videos und auch die anderen Brosch\u00fcren nicht in einem akuten Schub anschauen oder lesen, sondern nur, wenn&hellip; Videos weiterlesen","og_url":"https:\/\/psychose-lh.de\/?page_id=35","og_site_name":"Psychose L\u00fcdinghausen","article_modified_time":"2026-02-27T09:53:09+00:00","twitter_card":"summary_large_image","twitter_misc":{"Gesch\u00e4tzte Lesezeit":"2\u00a0Minuten"},"schema":{"@context":"https:\/\/schema.org","@graph":[{"@type":"WebPage","@id":"https:\/\/psychose-lh.de\/?page_id=35","url":"https:\/\/psychose-lh.de\/?page_id=35","name":"Videos - Psychose L\u00fcdinghausen","isPartOf":{"@id":"https:\/\/psychose-lh.de\/#website"},"datePublished":"2026-02-27T09:53:08+00:00","dateModified":"2026-02-27T09:53:09+00:00","breadcrumb":{"@id":"https:\/\/psychose-lh.de\/?page_id=35#breadcrumb"},"inLanguage":"de","potentialAction":[{"@type":"ReadAction","target":["https:\/\/psychose-lh.de\/?page_id=35"]}]},{"@type":"BreadcrumbList","@id":"https:\/\/psychose-lh.de\/?page_id=35#breadcrumb","itemListElement":[{"@type":"ListItem","position":1,"name":"Start","item":"https:\/\/psychose-lh.de\/"},{"@type":"ListItem","position":2,"name":"Videos"}]},{"@type":"WebSite","@id":"https:\/\/psychose-lh.de\/#website","url":"https:\/\/psychose-lh.de\/","name":"Psychose L\u00fcdinghausen","description":"","potentialAction":[{"@type":"SearchAction","target":{"@type":"EntryPoint","urlTemplate":"https:\/\/psychose-lh.de\/?s={search_term_string}"},"query-input":{"@type":"PropertyValueSpecification","valueRequired":true,"valueName":"search_term_string"}}],"inLanguage":"de"}]}},"_links":{"self":[{"href":"https:\/\/psychose-lh.de\/index.php?rest_route=\/wp\/v2\/pages\/35","targetHints":{"allow":["GET"]}}],"collection":[{"href":"https:\/\/psychose-lh.de\/index.php?rest_route=\/wp\/v2\/pages"}],"about":[{"href":"https:\/\/psychose-lh.de\/index.php?rest_route=\/wp\/v2\/types\/page"}],"author":[{"embeddable":true,"href":"https:\/\/psychose-lh.de\/index.php?rest_route=\/wp\/v2\/users\/1"}],"replies":[{"embeddable":true,"href":"https:\/\/psychose-lh.de\/index.php?rest_route=%2Fwp%2Fv2%2Fcomments&post=35"}],"version-history":[{"count":1,"href":"https:\/\/psychose-lh.de\/index.php?rest_route=\/wp\/v2\/pages\/35\/revisions"}],"predecessor-version":[{"id":36,"href":"https:\/\/psychose-lh.de\/index.php?rest_route=\/wp\/v2\/pages\/35\/revisions\/36"}],"wp:attachment":[{"href":"https:\/\/psychose-lh.de\/index.php?rest_route=%2Fwp%2Fv2%2Fmedia&parent=35"}],"curies":[{"name":"wp","href":"https:\/\/api.w.org\/{rel}","templated":true}]}}